{"id":41,"date":"2016-05-25T15:17:46","date_gmt":"2016-05-25T13:17:46","guid":{"rendered":"http:\/\/www.team-quaisser.de\/neu\/?page_id=41"},"modified":"2017-01-03T15:07:11","modified_gmt":"2017-01-03T14:07:11","slug":"startseite","status":"publish","type":"page","link":"http:\/\/www.team-quaisser.de\/neu\/","title":{"rendered":""},"content":{"rendered":"<p><center><\/p>\n<h1>Herzlich Willkommen bei Familie Quaisser!<\/h1>\n<p><a href=\"http:\/\/www.team-quaisser.de\/neu\/wp-content\/uploads\/2016\/05\/hausot.jpg\"><img loading=\"lazy\" class=\"aligncenter size-full wp-image-118\" src=\"http:\/\/www.team-quaisser.de\/neu\/wp-content\/uploads\/2016\/05\/hausot.jpg\" alt=\"hausot\" width=\"330\" height=\"113\" srcset=\"http:\/\/www.team-quaisser.de\/neu\/wp-content\/uploads\/2016\/05\/hausot.jpg 330w, http:\/\/www.team-quaisser.de\/neu\/wp-content\/uploads\/2016\/05\/hausot-300x103.jpg 300w\" sizes=\"(max-width: 330px) 100vw, 330px\" \/><\/a><\/p>\n<p>Wir w\u00fcrden uns freuen, Sie als Gast in unserer Ferienwohnung begr\u00fc\u00dfen zu d\u00fcrfen!<\/center><\/p>\n","protected":false},"excerpt":{"rendered":"<p>Herzlich Willkommen bei Familie Quaisser! Wir w\u00fcrden uns freuen, Sie als Gast in unserer Ferienwohnung begr\u00fc\u00dfen zu d\u00fcrfen!<\/p>\n","protected":false},"author":1,"featured_media":0,"parent":0,"menu_order":0,"comment_status":"closed","ping_status":"closed","template":"","meta":[],"_links":{"self":[{"href":"http:\/\/www.team-quaisser.de\/neu\/wp-json\/wp\/v2\/pages\/41"}],"collection":[{"href":"http:\/\/www.team-quaisser.de\/neu\/wp-json\/wp\/v2\/pages"}],"about":[{"href":"http:\/\/www.team-quaisser.de\/neu\/wp-json\/wp\/v2\/types\/page"}],"author":[{"embeddable":true,"href":"http:\/\/www.team-quaisser.de\/neu\/wp-json\/wp\/v2\/users\/1"}],"replies":[{"embeddable":true,"href":"http:\/\/www.team-quaisser.de\/neu\/wp-json\/wp\/v2\/comments?post=41"}],"version-history":[{"count":7,"href":"http:\/\/www.team-quaisser.de\/neu\/wp-json\/wp\/v2\/pages\/41\/revisions"}],"predecessor-version":[{"id":142,"href":"http:\/\/www.team-quaisser.de\/neu\/wp-json\/wp\/v2\/pages\/41\/revisions\/142"}],"wp:attachment":[{"href":"http:\/\/www.team-quaisser.de\/neu\/wp-json\/wp\/v2\/media?parent=41"}],"curies":[{"name":"wp","href":"https:\/\/api.w.org\/{rel}","templated":true}]}}